divided by 6.
5
Suppose 0*w + 3*w + 9 = 0. Let s(x) be the first derivative of 5*x**3/3 + 2*x**2 - x - 2. What is the remainder when s(w) is divided by 11?
10
Suppose -2*m = 3*m - 20. What is the remainder when (-2)/(((-12)/(-33))/(-2)) is divided by m?
3
Let y(o) = -4*o + 1. What is the remainder when y(-2) is divided by 2/(-8)*-4*2?
1
Let o = -105 - -115. Calculate the remainder when 28 is divided by o.
8
Suppose -a = -4*c - 24 - 0, -a + c + 9 = 0. Suppose -a*v + 8 = -56. Calculate the remainder when 62 is divided by v.
14
Let u(o) = o**2 - 4*o + 3. Calculate the remainder when 69 is divided by u(7).
21
Calculate the remainder when (-3)/(-2)*282/9 is divided by 17.
13
Calculate the remainder when 166 is divided by (-35)/(-2)*(-48)/(-30).
26
Let x = 0 + 0. Let y be (0/(-1))/(-1) + 0. Suppose -5*o - 2*z + 111 = x, -o + 4*o + 2*z - 69 = y. Calculate the remainder when o is divided by 11.
10
Let q(t) = t + 13. Let r be 12/(3/6*-3). Let d(h) = h**3 + 9*h**2 + 6*h + 9. Calculate the remainder when d(r) is divided by q(0).
12
Calculate the remainder when 25 is divided by 3/(((-2)/6)/(-1)).
7
Suppose -w - 2*w = -9. Suppose -14 - w = -d. What is the remainder when d is divided by 5?
2
Suppose -2*j + 170 = 142. What is the remainder when 26 is divided by j?
12
Let k = 2 - -34. Let g = -111 - -216. What is the remainder when g is divided by k?
33
Suppose -2*m = 2*m + 5*q - 231, -5*m - 2*q = -293. Let r be 2/5 + 33/5. Calculate the remainder when m is divided by r/(14/40) - 0.
19
Calculate the remainder when 115 is divided by (-18 - (-1 + 1))*2/(-4).
7
Suppose 28 = -9*i + 11*i. Let c = 7 + -2. Calculate the remainder when i is divided by c.
4
Let y(s) = -s**3 - 8*s**2 + 8*s + 1. What is the remainder when 32 is divided by y(-9)?
2
Let v = 29 - -18. Suppose 0 = -z - 0 + 1, -4*n + 3*z = 103. Let i = n + 41. Calculate the remainder when v is divided by i.
15
Suppose 3*n + 3 = -0*n. Let t = n - -14. Suppose 0*d = -5*d + 20. Calculate the remainder when t is divided by d.
1
Suppose 2*j - 60 = -3*j. What is the remainder when 19 is divided by j?
7
Let r be (2 - 3)/(1/(-2)). Suppose r*b + 81 = 5*b. Calculate the remainder when b is divided by 14.
13
Let o = 38 - 24. Let r = 16 + -14. Suppose o = 3*d + r. Calculate the remainder when d is divided by 2.
0
Let v = 147 - 92. Calculate the remainder when v is divided by 12.
7
Let n(d) = 8*d**2 - 21*d + 7. Calculate the remainder when 91 is divided by n(3).
11
Let f be 1/((1 + 0)*-1). Calculate the remainder when (-4 - -3)/(f/3) is divided by 1.
0
Let w(t) = 2*t**3 - 4*t - 1. Suppose 3*n - 4*n + 4 = 0. Let m be w(n). Suppose -3*u + m = -0*u. What is the remainder when u is divided by 13?
11
Let i = 13 + 1. Let f = 24 + -12. Suppose 42 = t - f. Calculate the remainder when t is divided by i.
12
Let v(q) = -3 - q - q + q. Let o be v(-9). Suppose 3*p - p - o = 0. What is the remainder when 7 is divided by p?
1
Let d = 129 - 82. Suppose t + 6 = -6. Let l = 0 - t. What is the remainder when d is divided by l?
11
Suppose -4*j = -3*j - 1, 5*j + 10 = 5*m. Suppose -r + m*k + 4 + 116 = 0, 2*r - k - 225 = 0. What is the remainder when r is divided by 28?
27
Let t(k) = 12*k**2. Let l(x) = -x**3 - 2*x**2 + 7*x + 1. Let w(m) = m. Let q(d) = -l(d) + 4*w(d). What is the remainder when q(3) is divided by t(-1)?
11
Let g(k) = -k**2 + 5*k + 6. Let y be g(6). Suppose 3*j - 12 = -y*j. Let f = 15 - j. Calculate the remainder when f is divided by 4.
3
Suppose 0 = 4*n - 2*z - 36, 0 = -n + 2*n - z - 8. What is the remainder when 17 is divided by n?
7
Suppose -5*t + 4*u + 210 = 0, -168 = -0*t - 4*t - 5*u. What is the remainder when t is divided by 23?
19
Let v be (-8)/(-6)*3/(-2). Calculate the remainder when 56 is divided by (-2 - (-21 + v)) + -2.
18
Let l be -1*(-1 + 48 + -2). What is the remainder when (6/5)/((-2)/l) is divided by 10?
7
Suppose 3*k = -y + 1, 5*y + 2*k = -0*k + 70. Calculate the remainder when 61 is divided by y.
13
Let l = 11 + 4. Calculate the remainder when l is divided by 9.
6
Suppose -3*d = -4*j - 19, -j = 5*d + 2*j - 51. Suppose -5*g + 0 - 25 = 0. Let o = d - g. Calculate the remainder when o is divided by 8.
6
Let s(m) = m**3 - 7*m**2 + 5*m + 5. Let i be s(6). What is the remainder when 63 is divided by (3 - 1)/(i/(-8))?
15
Let i(u) = 6*u**3 - 5*u**2 - u + 1. Let s = 1 - 0. Calculate the remainder when i(1) is divided by s.
0
Suppose 0 = -6*t + 15 + 141. Suppose 5*s + 3*n - 57 = -0*n, -15 = -3*s + 3*n. What is the remainder when t is divided by s?
8
Let g be (-12)/20 + (-6)/(-10). Suppose -3*n = -0*n - 210. Suppose -n = -5*v - g. Calculate the remainder when 27 is divided by v.
13
Let g be (-1172)/(-14) + (-8)/(-28). Suppose -4*m - g = s - 2*s, 2*s - 190 = -3*m. Calculate the remainder when s is divided by 31.
30
Suppose 8*a + 2 = 10*a. Let s be (6/(-4))/(6/8). Calculate the remainder when 46 is divided by ((-4)/s - -13) + a.
14
Suppose 0 = 6*p - 48 - 60. What is the remainder when 34 is divided by p?
16
Let b = -44 - -59. What is the remainder when 48 is divided by b?
3
Let f = 2 - 9. Let b = f - -12. Suppose -2*g - 21 = -b*g. Calculate the remainder when 13 is divided by g.
6
Suppose -21 = -f - 2. Suppose 5*p - 2*a = 29, 23 = p + p + 3*a. Calculate the remainder when f is divided by p.
5
Let x = 2 - 10. Calculate the remainder when 60/x*(-8)/3 is divided by 7.
6
Let q(d) = -10*d**3 - 5*d**2 - 9*d - 4. What is the remainder when q(-2) is divided by 20?
14
Suppose -2*c - 2*c = 28. Calculate the remainder when ((-3)/3)/(c/217) is divided by 11.
9
Suppose 48 = -2*v + 6*v. What is the remainder when 43 is divided by v?
7
Suppose -3*k + 94 = -5. Suppose -3*y + 3 = 5*n - 63, -3*n = -5*y + 76. Calculate the remainder when k is divided by y.
16
Suppose 4*c - 5*x - 199 = 0, -158 - 14 = -4*c - 4*x. Calculate the remainder when c is divided by 16.
14
Let s(k) = -2*k + 3 + 3 + 0. Let c be s(4). Let w(h) = -11*h - 3. What is the remainder when 37 is divided by w(c)?
18
Let i = -16 - -68. Let v = i + -4. What is the remainder when v is divided by 17?
14
Suppose 245 = r + 4*r. What is the remainder when r is divided by 17?
15
Suppose 2*m + 2 = -3*n, 3*n + 2 = 4*m - 12. Let d(y) = -2*y - 32. What is the remainder when d(-17) is divided by m?
0
Suppose -4*h = 7 - 23. What is the remainder when 39 is divided by (4 - 25)*h/(-6)?
11
What is the remainder when 4/(((-3)/33)/(4/(-8))) is divided by 5?
2
Let m = 10 + 15. Let o(q) = 6 + 3*q + 7*q - 3*q - 5*q. What is the remainder when m is divided by o(4)?
11
Suppose 12 = v + 1. What is the remainder when 42 is divided by v?
9
Suppose f + 7 = 4*j, -j + 0 - 7 = -2*f. Suppose f*i + 2*g - 50 = 0, 4*i = -0*g + 5*g + 7. Let l(q) = 3*q + 3. Calculate the remainder when l(4) is divided by i.
7
Let u be -39*((-10)/(-6) + -2). What is the remainder when 19 is divided by 2/4*(u + 1)?
5
Suppose j - 3*j + 8 = 0. What is the remainder when 15 is divided by j?
3
Suppose 8*h - 104 - 240 = 0. Calculate the remainder when h is divided by 9.
7
Let z = 62 - 44. Suppose 0 = 3*a - 128 + 26. Calculate the remainder when a is divided by z.
16
Let a = 12 - 11. Calculate the remainder when 41 is divided by a/2 - (-168)/16.
8
Let i(w) = -w**3 - w + 19. Let h be i(0). Suppose 0 = 4*c - 3*j - 8, 3*c - 4*j - 13 + 0 = 0. Let s = h + c. Calculate the remainder when s is divided by 10.
8
Let l(s) = -40*s - 3. Calculate the remainder when l(-2) is divided by 20.
17
Let v = 19 - 11. Suppose -2*o - 16 = -b + o, -o = b - v. Calculate the remainder when b is divided by 6.
4
Let j = -35 - -44. What is the remainder when 44 is divided by j?
8
Suppose -247 = -0*p - 4*p + n, -p + 5*n = -76. Calculate the remainder when 304 is divided by p.
60
Let r(q) = -q**3 + 5*q**2 + 2*q + 10. Let b = -28 + 66. What is the remainder when b is divided by r(5)?
18
Let j = 15 + -17. Let o = j + 16. Let d = 21 + 20. Calculate the remainder when d is divided by o.
13
Suppose -6*c = -2*c - 16. Suppose c*j - 150 = -j. Calculate the remainder when j is divided by 11.
8
Suppose 5*m - 5*y - 14 - 31 = 0, 5*y + 17 = -2*m. Suppose 21 = 5*d - 2*a, -3*a + a - 16 = -m*d. Calculate the remainder when 13 is divided by d.
3
Let u(h) = 2*h**2 + 6*h - 7. Let n = 5 - 8. Let s = 8 + n. What is the remainder when u(-5) is divided by s?
3
Suppose 4*o = o + 78. S